 Suppose -3*o + 27 = -3*a, 0 = -o - 6*a + t*a - 1. Suppose 16*k = o*k + 1386. What are the prime factors of k?
2, 7, 11
Let b be -3*(22/(-6) - -4). Let n be (-4 + 1 + b)*-4. Suppose -4*x = -n - 184. List the prime factors of x.
2, 5
Suppose -5*j - 91*a + 89*a = -14240, 2*a + 17066 = 6*j. List the prime factors of j.
2, 1423
Let p(u) = 1016*u - 1784. List the prime factors of p(8).
2, 13, 61
Let a = -3102 - -8578. List the prime factors of a.
2, 37
Suppose 0 = 8*o + o - 1287. Suppose -o*b + 139*b = -476. List the prime factors of b.
7, 17
Let z = 215 - 223. What are the prime factors of (-6 - (-168)/32) + (-2214)/z?
2, 3, 23
Let a = 120 + -170. Let c = 56 + a. Suppose -4*h + w = -44, 2*h - c = w + 14. What are the prime factors of h?
2, 3
What are the prime factors of (-2601248)/(-111) - (-1)/3?
5, 43, 109
Suppose a + 4*t + 18493 - 80685 = 0, 5*a - 310924 = -2*t. List the prime factors of a.
2, 3, 2591
Suppose 29*q + 40*q - 69930 = 24*q. List the prime factors of q.
2, 3, 7, 37
Let p(h) = -9*h + 6*h + 7 + 5*h - 59. Let d(m) = m - 26. Let f(r) = -5*d(r) + 2*p(r). What are the prime factors of f(-5)?
31
Suppose 4*k = -2*h + 10948, 6*k - 5*k = h - 5483. What are the prime factors of h?
2, 5, 137
Let r be ((-1)/1 + -1)*623/(-2). Suppose 9*w = -781 - r. Let p = 254 + w. What are the prime factors of p?
2, 7
Let b(h) = 5*h**2 + 31*h - 21. Let t be b(12). Suppose 4*v + d - t = 0, -2*d + d + 803 = 3*v. List the prime factors of v.
2, 67
Let s(r) be the third derivative of -1/60*r**6 + 19*r**2 + 0*r - 1/10*r**5 - 3/2*r**3 - 1/3*r**4 + 0. List the prime factors of s(-5).
131
Suppose w - 401 = -8*u + 4*u, 0 = -2*u + 3*w + 197. Let g = u - 44. What are the prime factors of 6/8*(g - -16)?
2, 3
Suppose 17588 = 17*p - 4546. Let d = 447 + p. What are the prime factors of d?
3, 11, 53
Suppose -y - b - 17179 = 2*y, -28650 = 5*y - 2*b. List the prime factors of (12/(-2))/(24/y).
2, 179
Let j = 40 - 39. Let f(r) = 8*r - 2. Let i be f(j). Suppose 5*p - i*l + 5*l = 736, 146 = p + l. What are the prime factors of p?
3, 7
Suppose -29*s + 26*s = 3*h - 16296, 0 = -4*h + 4*s + 21784. List the prime factors of h.
3, 7, 37
Suppose -4*b - 2*m + 1180 = 2*m, b - 2*m - 298 = 0. Suppose 2*k = -j + 5*k + b, -5*j + 1436 = -4*k. List the prime factors of j.
2, 71
Suppose 3*r + 6*r - 2268 = 0. Let v = r + -103. What are the prime factors of v?
149
Suppose -6*s + 14 - 2 = 0. Suppose -s*d - 5*j + 223 + 217 = 0, -4*d - 4*j = -892. List the prime factors of d.
3, 5
Let y be (3*-7)/3*5/(-5). Let h be y/((-35)/10) + (0 - -5). Suppose 2*c = h*f + 234, 0 = 4*c - 7*f + 2*f - 464. What are the prime factors of c?
3, 37
Let a be ((-12)/10)/(-5*(-12)/450). Let g = a - -16. Suppose -1319 + 486 = -g*f. List the prime factors of f.
7, 17
Suppose -4*u + 0*n - n = -755, 2*n = 5*u - 934. Let j = u + -103. Suppose -5*z + 330 = -j. List the prime factors of z.
83
Let h(o) = o + 8. Let p be h(-6). Suppose 7*b - p*b = 1495. What are the prime factors of b?
13, 23
Let v(m) = 22*m - 11. Suppose 6 - 46 = -4*z. Let h be z - (1*(2 - 1))/1. What are the prime factors of v(h)?
11, 17
Suppose 147886 + 71567 = 6*c - 63645. What are the prime factors of c?
29, 1627
Let a = 5104 - 3741. What are the prime factors of a?
29, 47
Let i be 1826/8 - 69/(-92). Suppose 1851 = 5*c - i. What are the prime factors of c?
2, 13
Let u(b) = 78*b**2 + 80*b + 6. List the prime factors of u(5).
2, 19, 31
Let p = -58 + 63. Suppose 7*z - 4*j = 3*z + 20, 0 = -p*z + 4*j + 25. Suppose 0 = -i + 17 + z. What are the prime factors of i?
2, 11
Let n(l) = 5*l**2 + 13*l + 34. Let a be n(8). What are the prime factors of -3*(0 + a/(-3))?
2, 229
Suppose 5424 = -325*t + 323*t. List the prime factors of (t/30)/(1/(-5)).
2, 113
Suppose -23*u + 33*u - 53120 = 0. What are the prime factors of u?
2, 83
Let i be ((-11)/44)/((-1)/404) + 3. Let v = -96 + i. Suppose 3*j = 4*t - 910, -v*j + 3*j + 10 = 0. What are the prime factors of t?
229
What are the prime factors of 2/6 + ((-15917750)/(-15))/50?
2, 7, 379
Let c(h) = -7*h**2 - 78*h - 9. Let f be c(-11). Suppose -4*o - 3*v = -466, 4*o + 4*v = f*v + 468. List the prime factors of o.
2, 59
Let q be -25*4/(-60)*(0 - 3). Let i(w) = 19*w**2 + w + 4. What are the prime factors of i(q)?
2, 3, 79
Let d(i) = -i**2 - 9*i - 14. Let g be d(-7). Suppose -4*y + 563 + 377 = g. List the prime factors of y.
5, 47
Suppose -9*z = 1675 + 1223. Let w = 847 + z. What are the prime factors of w?
3, 5, 7
Suppose 4*l + 245 = 4*t + 41, t - 2*l = 52. Suppose 5*f = -3*a + t, 0*a = -2*a - 4*f + 34. Let v = a + 7. List the prime factors of v.
2, 11
Suppose 46 = 11*o - 9. Suppose 4*n + 8*g - 9*g - 7275 = 0, -3*n + o*g = -5452. List the prime factors of n.
17, 107
Let s be (-6)/(-3) + -18*2. Let c be (12/(-18))/(4/(-222)). Let v = s + c. List the prime factors of v.
3
Suppose -2*v - 46 = 3*i, 7*i = v + 5*i + 16. What are the prime factors of v/(-15)*-1 + 4899/9?
3, 181
Suppose 3*m - u = 2725 + 236, -2*m - 5*u + 1974 = 0. Let r = 2370 - m. What are the prime factors of r?
3, 461
Suppose -5*r + 3926 = -32799. List the prime factors of r.
5, 13, 113
Let j be (-182)/((2/(-4))/(2/(-4))). Let h be j*(-5 - -4) - (1 - -1). Suppose z = -z + t + 108, 3*z + 3*t - h = 0. What are the prime factors of z?
2, 7
Suppose 755*a - 271*a - 14005992 = 0. What are the prime factors of a?
2, 3, 7, 13, 53
Let c be 0 - -6*2/(-2). Let h = c + 4. What are the prime factors of (h + (2 - -2))*22?
2, 11
Let m(g) = 5*g**3 + 0*g + 2 - 6*g - 3*g**3 + 3*g**2. Let z = -692 + 696. What are the prime factors of m(z)?
2, 7, 11
Suppose -42 = -3*q + 5*i, 4*q + 0*q - 48 = 4*i. Suppose q = 3*g - 0*g. Suppose -13 - 112 = -2*y - g*w, 2*w + 290 = 4*y. List the prime factors of y.
2, 5, 7
Let z(w) = 920*w**3 + w**2 + 45*w - 124. List the prime factors of z(3).
2, 5, 11, 113
Let v be (-10)/(-5) - (-12 + 6 + -3). Suppose 6 = v*y - 49. Suppose 0 = 4*t - 5*t - y, -2*w = -2*t - 16. What are the prime factors of w?
3
Suppose 64*y - 55*y + 57159 = 146610. List the prime factors of y.
3, 3313
Suppose 87*t + 266*t - 14075169 = 0. What are the prime factors of t?
3, 13291
Let l(u) = -129*u - 75. Let v(f) = -517*f - 304. Let p(z) = -9*l(z) + 2*v(z). List the prime factors of p(10).
7, 191
Let v(f) = -51*f**3 + 3*f + 13. Let u be v(-2). Suppose 1540 = 3*a - 4*l, -3*l - 1960 = -3*a - u. What are the prime factors of a?
2, 5, 13
Suppose -s = 2*f + f + 2, -f = s + 2. Let y = f - -5. Suppose -3*w + 109 = y*j, -15 = -2*w - 2*j + 59. List the prime factors of w.
2, 19
Let k(o) = -o**3 - 19*o**2 - 14*o - 47. What are the prime factors of k(-26)?
3, 11, 17
Let u = 128 + -16. Suppose -5*r = -128 - u. What are the prime factors of r?
2, 3
Let c(h) = -h + 2. Let d be c(-1). Suppose 2*i - 1281 = -f, -6*f + 3*f = -i + 630. Suppose d*q + 171 - i = 0. List the prime factors of q.
2, 3, 13
Suppose 690 = t + 9*t. Let p = -44 + t. Suppose -x = -p - 18. List the prime factors of x.
43
Let u(j) = 354*j + 1346. List the prime factors of u(22).
2, 4567
Let v = -915 - -921. Suppose v*y = 3*y + 1323. What are the prime factors of y?
3, 7
Let g(m) = 60*m - 22. Let f be (4/5)/(19/190). What are the prime factors of g(f)?
2, 229
Let b = 40 + -25. Suppose -o - 4*x = -158, 5*x - b - 5 = 0. List the prime factors of o/7 + 22/(-77).
2, 5
Suppose 4*z + 2 - 14 = 0. Suppose 4*a - 85 = -4*v - 25, -a = -z*v + 33. List the prime factors of -4*2/v*-126*1.
2, 3, 7
Let v(x) = -x**2 - 32*x - 103. Let o be v(-33). Let m = 508 + o. List the prime factors of m.
2, 3, 31
Let t(c) = -219*c - 168. Let a be t(-4). Suppose 4*k + 1135 = 5*b, 3*k = b - 4*b + a. List the prime factors of b.
3, 7, 11
Let h(w) = -15*w + 33. Suppose 32 = -2*n - x, -2*n + 7*x - 4*x - 40 = 0. List the prime factors of h(n).
2, 3
Let h = 4 + 16. Suppose h*f = -0*f + 960. List the prime factors of f.
2, 3
Let u = -10135 + 14138. What are the prime factors of u?
4003
Let p be 3/(-1) - (194 - -2)*-1. Let t = -54 + p. Let l = t + -92. List the prime factors of l.
47
Let p(q) = 227*q**2 + 114*q + 27. List the prime factors of p(-8).
7, 1949
Suppose 1830780 = 5*u + 9*u + 22*u. What are the prime factors of u?
5, 7, 1453
Let u(x) = 77*x**2 + 144*x - 4589. List the prime factors of u(28).
3, 19937
Let i be 3*(12/66 + 1884/44). Let d = -99 - -62. Let w = d + i. What ar